the prime factors of q?
3, 19
Let i(c) = -58*c - 48. What are the prime factors of i(-15)?
2, 3, 137
Suppose 3*a - 8 + 2 = 0. Suppose 0 = 4*s + 2*c - 222, -a*c + 3*c + 5 = 0. Let x = 84 - s. What are the prime factors of x?
2, 13
Let n = 865 + -302. Suppose 2*k = -3*x + 5*x + 370, 3*k + x - n = 0. List the prime factors of k.
11, 17
Let z be 23*8 - (-14 + 17). Suppose 3*p - z = 398. What are the prime factors of p?
193
Let u = -301 + 626. Let o = 562 - u. Suppose 0 = -d - 3, d - 45 + o = 3*t. List the prime factors of t.
3, 7
Let b(w) = w**3 + 10*w**2 + 8*w - 7. Let u be b(-9). Suppose 0 = -u*i - 49 + 181. List the prime factors of i.
2, 3, 11
Suppose -l = -0*l - 4*c + 25, -2*c = -10. What are the prime factors of 4*(l - -38)*2/3?
2, 11
Let t(p) = 18*p + 72. What are the prime factors of t(11)?
2, 3, 5
Suppose -3*z + 1215 = o + 4*o, -231 = -o - 3*z. List the prime factors of o/(-9)*(-6)/4.
41
Let w = 730 + -16. What are the prime factors of w?
2, 3, 7, 17
Suppose -i - 9*z + 5*z + 4601 = 0, -3*i - 4*z + 13771 = 0. What are the prime factors of i?
5, 7, 131
Suppose -2*b - 7 = -1. Let x = 21 - -3. Let u = b + x. List the prime factors of u.
3, 7
Suppose t = 8 - 0. Suppose 10 = -3*q + t*q. Suppose 0 = l - q*l + 20. List the prime factors of l.
2, 5
Suppose -9*j = -3*j - 330. What are the prime factors of j?
5, 11
Let s = 218 - 118. Suppose 4*h - 6*h = 2*g - s, 5*h - 253 = -2*g. What are the prime factors of h?
3, 17
Let c(z) = -z**3 - 4*z**2 - 2*z - 4. Let x be c(-4). Suppose 8 = q + x. What are the prime factors of q?
2
Let p(w) = 2 + 8*w + 2*w**2 - 7*w - 7*w. Let u be -5*2*(-3)/6. What are the prime factors of p(u)?
2, 11
Let a(k) = -k**3 + 22*k**2 + 7*k - 22. Let s be a(22). Let y = -91 + s. What are the prime factors of y?
41
Suppose 2*p - 7 - 3 = 0. Suppose i = p, -4*o + i + 282 = 3*i. List the prime factors of o.
2, 17
Let t(h) = -11*h - 1. Let a be t(-1). Let n(s) = 2 + 1 + 11 - 11*s**2 + 11*s + s**3. What are the prime factors of n(a)?
2, 3
Let u(c) be the second derivative of c**5/20 - c**4/4 - 7*c**3/6 + 5*c**2/2 - 8*c. Let o be u(6). Suppose 0 = 3*p + o - 227. What are the prime factors of p?
2, 13
Suppose -2*m = -281 - 1369. Let r = -578 + m. List the prime factors of r.
13, 19
Suppose -4*a + 4 = 28. Let l(v) = 3*v**2 + 13*v + 27. What are the prime factors of l(a)?
3, 19
Let o = 25 + -23. Suppose o*r = 13 + 5. Suppose 0 = -j + 2 + r. What are the prime factors of j?
11
Let a be 2/(-8) - 3597/44. Let b = -52 - a. List the prime factors of b.
2, 3, 5
List the prime factors of (-11 - (-1070)/50)*250.
2, 5, 13
Suppose -5*x + 5544 = 3*c, -3*x = -5*c - 2192 + 11466. What are the prime factors of c?
17, 109
Let u be 112/18 - 8/36. Suppose h + u = 93. What are the prime factors of h?
3, 29
Suppose 0 = -2*m - 5*d + 26, 2*m = m - d + 7. Suppose -3*t - 4 = -l, 3*l - 12 = -6*t + 2*t. Let j = m + l. What are the prime factors of j?
7
Suppose 7568 + 15728 = 14*v. What are the prime factors of v?
2, 13
Let g(p) = 9*p - 3. Let k be g(-1). Let w be 1/(-4) - (-1356)/48. Let r = w + k. What are the prime factors of r?
2
Let r(x) = -3443*x - 98. List the prime factors of r(-1).
3, 5, 223
Let j be (1 - 4) + (-8 - 90) - 1. Let t = -50 - j. What are the prime factors of t?
2, 13
Let t(n) = 2*n + 1. Suppose 38 = 3*g - 10. Let f = g + -10. What are the prime factors of t(f)?
13
Let z = 17 + -18. Let g be 4 + z + 3 + -8. What are the prime factors of (-1 + 0)*(-1 + g)?
3
Let c = -55 + 90. Suppose c*x + 1014 = 41*x. What are the prime factors of x?
13
Let c(n) = 161*n**2 - n**3 + 0*n**3 + 2 - 177*n**2 - 20*n. List the prime factors of c(-15).
7, 11
Let f(y) = 3*y**2 - 6*y + 10. Let u(z) = z**2 - z. Let t(g) = -f(g) + 6*u(g). What are the prime factors of t(6)?
2, 7
Let l be 9/6 - 30/(-4). Let g = l - -7. List the prime factors of g.
2
Let x(g) be the first derivative of g**2/2 + 3*g - 1. Let s = -141 - -146. What are the prime factors of x(s)?
2
Let u = -125 - -357. List the prime factors of u.
2, 29
Suppose -3*l - 2274 = -2*o + l, 5699 = 5*o + 4*l. List the prime factors of o.
17, 67
Suppose 3*h + 140 = -h. Let j(o) = 36*o**3 - o + 2. Let t be j(2). What are the prime factors of t/21 + (-10)/h?
2, 7
Suppose x + 1103 = 4*b, 3*x - 126 = -3*b + 705. What are the prime factors of b?
2, 3, 23
Let i(l) = -10*l + 8. Let n be i(-10). Let q = n - 55. List the prime factors of q.
53
Let w(z) = z**3 - 10*z**2 - 3*z + 3. Suppose -4*q + 58 = 2*j + 2, 0 = -q - 2*j + 20. List the prime factors of w(q).
3, 5, 17
Suppose -16 = -4*y, 0 = 5*o - 0*y - 2*y + 163. Let b = 21 - 76. Let w = o - b. List the prime factors of w.
2, 3
Suppose -4*d - 18 = -4*v + 18, v = 2*d + 13. Suppose 2*t = -3*w - 8, -v*w = -2*w - 3*t + 18. Let z = 11 - w. List the prime factors of z.
3, 5
Let b(a) be the first derivative of -a**5/20 + 2*a**4/3 - a**3/3 - 2*a**2 + 8*a + 5. Let n(p) be the first derivative of b(p). List the prime factors of n(5).
61
Suppose 9*c = 4*c + 80. What are the prime factors of c?
2
Let f(g) = -17*g**3 + 2*g - 1. Let u be f(1). Let b = u + 20. Suppose b*k + 3*z = 73 + 66, -k + 5*z = -52. What are the prime factors of k?
37
Suppose -2*l + 257 = -o + 6*o, 2*o - 130 = -l. List the prime factors of (85/68)/(2/l).
5, 17
Let i(k) = 273*k**2 - 6*k - 14. What are the prime factors of i(-2)?
2, 5, 109
Let m(h) be the third derivative of 377*h**5/60 + h**4/6 - 2*h**3/3 + h**2. Let v be m(3). What are the prime factors of v/95 + (-2)/(-10)?
2, 3
Let f(k) = 4*k**3 - 25*k**3 - 1 - 2*k + 0*k - 3*k**3. List the prime factors of f(-1).
5
Let q(b) = -b**3 - 2*b**2 - 4*b + 1603. List the prime factors of q(0).
7, 229
Let k = -112 - 483. Let u be k/45 - (-4)/18. Let i = 4 - u. What are the prime factors of i?
17
Suppose 3*r - 3 = y, r + 0*y - 2*y = 1. Suppose -12 = u - r. Let g = u + 18. What are the prime factors of g?
7
Let x be (-3)/(2 - 15/6). What are the prime factors of x/(-3) - (1 - 44)?
41
Let b = -11 + 13. Suppose 2*c = b*q + 20, 0 = 5*c + q - 2*q - 70. Suppose 2*y = 101 + c. List the prime factors of y.
2, 29
Let i = -133 - -203. Suppose n = -k - 0*k + i, 4*k = 3*n + 273. Suppose 6*w + k = 363. List the prime factors of w.
7
Let f(v) be the third derivative of -v**4/24 + 17*v**3/2 - 18*v**2. Let w = 14 + -14. What are the prime factors of f(w)?
3, 17
Let b(t) be the first derivative of t**2 - 6. Let s be b(-3). What are the prime factors of (s/27)/((-2)/18)?
2
List the prime factors of 11/((-44)/(-5970)) - 25/(-10).
5, 13, 23
Let j(m) = -m**3 + 7*m**2 + 9*m - 3. Let d be j(8). Suppose -d*f + 168 = -f. Suppose -i = 2*c - f, -5*c = i + 3*i - 165. List the prime factors of i.
2, 5
Suppose -29*z + 31*z = 1454. List the prime factors of z.
727
Let l = -3 + 8. Suppose -2*a + 2*b = -82, l*a - 3*a = -3*b + 77. List the prime factors of a.
2, 5
Let r(m) = -2*m - 4. Let a(h) = -h**2 + 7*h + 10. Let w be a(9). Let g be r(w). Suppose -g*y + 30 = -11*y. List the prime factors of y.
2, 3, 5
Suppose 4*b = 4*o - 8, 2*b = o + 3*b - 6. Suppose 0*t = -t + 4*h + 140, 460 = o*t + 4*h. List the prime factors of t.
2, 3, 5
Suppose 2 = z - 1. Suppose 5*f = -m + 29, 2*m = z*f + 7 + 25. Let h = 5 + m. What are the prime factors of h?
2, 3
List the prime factors of -4*(-15)/12 + 779.
2, 7
Suppose 4*y + 5*b - 8 = 14, -2*b = -4. Suppose 2*k + 40 = -4*m, -59 = 3*k + 5*m - y. List the prime factors of (-12)/(-4)*(-160)/k.
2, 5
Let n(i) = 2*i**2 - 7*i + 3. Let x(k) = -k**3 + 8*k**2 - 7*k + 5. Suppose 5*a + 13 = 48. Let m be x(a). What are the prime factors of n(m)?
2, 3
Let x(c) = 29 + 0*c**3 - 37 - c + 13*c**2 + 2*c**3. List the prime factors of x(-4).
2, 19
Suppose 0*f - 10 = -2*f. Suppose 0*z = -r + z + 22, z = -f*r + 92. List the prime factors of r.
19
Suppose -m + 8 = m. Let n be ((-20)/25)/((-3)/(-15)) + 9. Suppose -5*y - 89 = -n*d - m, 0 = 5*d - 3*y - 91. List the prime factors of d.
2, 5
Let g = 30 - -213. What are the prime factors of g?
3
Let n be (80/(-3))/(7/(-42)). Suppose -5*h = -n - 1090. What are the prime factors of h?
2, 5
Suppose 2*s = 6*s + 56. Let o(b) = -3*b**2 - 11*b - 10. Let p(d) = 4*d**2 + 10*d + 9. Let c(t) = -3*o(t) - 2*p(t). What are the prime factors of c(s)?
2, 13
Suppose 2*f + f - 951 = -l, -4*f = 3*l - 1273. Suppose 5*v - f = v. List the prime factors of v.
79
Let l = -40 + 67. Su